4.
270
-37a (base 12) to base 9
-644
-127 (base 15) to base 4
-10012
a287 (base 11) to base 14
4d8b
Convert -112241 (base 5) to base 15.
-1316
2c8d (base 16) to base 12
6725
Convert -23321 (base 4) to base 8.
-1371
Convert -5b62 (base 13) to base 10.
-12924
-1223 (base 6) to base 11
-256
3987 (base 11) to base 8
12071
119 (base 15) to base 11
207
222111002 (base 3) to base 11
13562
-35811 (base 11) to base 14
-14b0a
What is -3002 (base 5) in base 6?
-1425
What is 32033013 (base 4) in base 2?
1110001111000111
What is -5937 (base 10) in base 11?
-4508
-9914 (base 13) to base 5
-1140221
What is c477 (base 14) in base 12?
176a1
2621 (base 10) to base 16
a3d
Convert -10000001101 (base 2) to base 14.
-541
What is -10011222 (base 3) in base 10?
-2321
What is -475 (base 16) in base 10?
-1141
Convert 1101101 (base 3) to base 15.
474
-128 (base 13) to base 2
-11001011
Convert 945b (base 12) to base 9.
24188
c85 (base 15) to base 14
105b
2109 (base 12) to base 4
320121
Convert -43 (base 9) to base 4.
-213
What is -1430 (base 9) in base 6?
-5000
341 (base 7) to base 2
10110000
What is -110010100 (base 2) in base 11?
-338
What is 10100000010101 (base 2) in base 11?
7789
Convert 19e (base 16) to base 3.
120100
Convert 111000000101111 (base 2) to base 4.
13000233
Convert 111110000010101 (base 2) to base 5.
2004030
546 (base 13) to base 10
903
-5014 (base 9) to base 2
-111001001010
11101000000111 (base 2) to base 9
22335
-110100010101010 (base 2) to base 6
-324014
-22222 (base 4) to base 3
-221021
Convert -115224 (base 6) to base 11.
-776a
-1750 (base 16) to base 4
-1131100
What is 606 (base 14) in base 7?
3306
Convert 1214513 (base 6) to base 7.
356133
What is -2431 (base 6) in base 13?
-36a
What is 37450 (base 8) in base 3?
211011211
-238 (base 16) to base 9
-701
What is 226 (base 14) in base 6?
1550
Convert -10101111 (base 2) to base 16.
-af
What is 2415 (base 6) in base 5?
4322
413 (base 12) to base 9
726
151035 (base 7) to base 8
70775
Convert 1a7 (base 16) to base 2.
110100111
What is -56204 (base 10) in base 9?
-85078
-534 (base 11) to base 8
-1202
Convert 1215 (base 9) to base 10.
905
What is 1111 (base 12) in base 3?
2120211
What is -5626 (base 9) in base 13?
-1b78
Convert 20103 (base 5) to base 2.
10011111110
2212 (base 6) to base 3
200222
What is -2b52b (base 12) in base 9?
-102888
Convert ad0 (base 14) to base 2.
100001011110
Convert 768 (base 14) to base 8.
2670
What is 23663 (base 8) in base 10?
10163
1311121 (base 4) to base 16
1d59
Convert 88d (base 16) to base 7.
6245
-12 (base 16) to base 4
-102
62 (base 11) to base 10
68
What is 238 (base 12) in base 11?
282
825 (base 13) to base 11
1048
Convert -231 (base 14) to base 12.
-303
What is 4396 (base 11) in base 6?
42452
-2746 (base 9) to base 12
-1243
Convert -2164 (base 7) to base 2.
-1100001101
-150 (base 14) to base 3
-100212
-5938 (base 13) to base 11
-9482
4884 (base 10) to base 12
29b0
-22012221 (base 3) to base 11
-4558
Convert 149a (base 11) to base 3.
2122021
2a0 (base 16) to base 14
360
Convert 27 (base 13) to base 2.
100001
-9285 (base 13) to base 14
-7524
What is 4b2 (base 14) in base 6?
4204
Convert -4805 (base 15) to base 6.
-154505
-24500 (base 9) to base 5
-1011233
Convert -210210021 (base 3) to base 11.
-10a2a
Convert -178 (base 12) to base 9.
-282
-458 (base 10) to base 6
-2042
What is -7834 (base 15) in base 6?
-313534
What is -4233 (base 5) in base 7?
-1441
Convert 10001111 (base 2) to base 11.
120
What is -11100000100 (base 2) in base 9?
-2415
114440 (base 5) to base 7
15512
Convert 2343 (base 9) to base 3.
2101110
6503 (base 8) to base 4
311003
Convert -341 (base 12) to base 7.
-1255
Convert 3031011 (base 4) to base 15.
3d50
Convert -1a33 (base 15) to base 11.
-4298
Convert 331 (base 4) to base 16.
3d
Convert -2012332 (base 4) to base 5.
-234023
What is 36134 (base 8) in base 14?
58ba
What is 61663 (base 7) in base 8?
35360
104a9 (base 11) to base 15
47b4
13750 (base 12) to base 5
1330423
-14422 (base 6) to base 8
-4416
Convert -23305 (base 6) to base 10.
-3353
Convert -22020 (base 6) to base 3.
-11011110
Convert -56970 (base 10) to base 14.
-16a94
Convert 4110 (base 5) to base 16.
212
18534 (base 12) to base 5
2112240
Convert -5101 (base 11) to base 4.
-1221321
Convert -114405 (base 7) to base 3.
-1001111200
-1a74 (base 13) to base 9
-5414
648a (base 13) to base 6
144404
-736 (base 15) to base 16
-65a
Convert -7d51 (base 14) to base 8.
-52503
10053 (base 7) to base 12
14b3
Convert -320343 (base 5) to base 12.
-6257
8867 (base 10) to base 3
110011102
Convert 20366 (base 7) to base 12.
2a85
Convert 32333 (base 5) to base 13.
1018
What is -1cf (base 16) in base 11?
-391
Convert 67178 (base 9) to base 16.
ae4d
What is -6d3c (base 16) in base 10?
-27964
Convert -114a (base 13) to base 4.
-211330
Convert 4402 (base 7) to base 14.
802
-202111021 (base 3) to base 5
-434223
Convert 1123 (base 7) to base 12.
2a1
Convert -12202220 (base 3) to base 4.
-1001301
Convert -1010100 (base 4) to base 10.
-4368
-2254 (base 8) to base 7
-3326
2660 (base 11) to base 14
138a
110 (base 4) to base 7
26
-8087 (base 9) to base 12
-3507
-12bb (base 14) to base 12
-1ab1
What is -61105 (base 9) in base 4?
-21303311
Convert 267 (base 12) to base 10.
367
What is -1101110 (base 4) in base 8?
-12124
260 (base 9) to base 15
e6
What is -26 (base 10) in base 11?
-24
Convert 2031 (base 5) to base 3.
100212
Convert -1047 (base 12) to base 13.
-a72
31331 (base 4) to base 16
37d
Convert 3081 (base 9) to base 4.
203110
101022021 (base 3) to base 9
11267
Convert 1b24 (base 14) to base 4.
1031010
-77 (base 8) to base 3
-2100
What is 114120 (base 6) in base 11?
7557
Convert -1021200 (base 5) to base 3.
-212101111
Convert -779e (base 15) to base 9.
-37685
What is -1657 (base 8) in base 2?
-1110101111
What is 314041 (base 5) in base 9?
15380
Convert -3823 (base 13) to base 10.
-7972
Convert -35 (base 8) to base 3.
-1002
d4a (base 16) to base 6
23430
What is 146 (base 13) in base 5?
1402
What is 6776 (base 9) in base 14?
1b7c
Convert -6169 (base 11) to base 15.
-2657
Convert 18a9 (base 11) to base 13.
1140
-1550 (base 6) to base 16
-1aa
-100110110111111 (base 2) to base 6
-232051
Convert -2136 (base 7) to base 9.
-1036
What is 3622 (base 7) in base 14?
6b9
What is 458 (base 11) in base 9?
667
Convert 1250 (base 8) to base 7.
1661
Convert 4052 (base 11) to base 13.
25ac
Convert 40443 (base 5) to base 3.
10121011
Convert -131 (base 6) to base 9.
-61
Convert 12210131 (base 4) to base 5.
1330114
Convert 156 (base 10) to base 11.
132
What is 1000112 (base 3) in base 11?
616
Convert 218 (base 16) to base 14.
2a4
What is -818 (base 16) in base 14?
-a80
Convert -24116 (base 7) to base 2.
-1100001011100
4346 (base 8) to base 2
100011100110
3230 (base 6) to base 9
1010
What is 101022 (base 3) in base 12?
1b2
-4697 (base 11) to base 9
-8400
-20 (base 10) to base 15
-15
What is 120220201 (base 3) in base 15?
3687
What is -279 (base 14) in base 4?
-13303
4100 (base 6) to base 10
900
What is -a85 (base 12) in base 2?
-11000000101
What is -3666 (base 10) in base 3?
-12000210
-1a44 (base 11) to base 9
-3486
What is -231 (base 16) in base 9?
-683
What is -1922 (base 10) in base 15?
-882
Convert 322 (base 10) to base 4.
11002
Convert 145 (base 9) to base 8.
172
Convert -718 (base 11) to base 15.
-3cb
-23262 (base 9) to base 12
-8b9b
What is -10100011110 (base 2) in base 16?
-51e
What is -b8d (base 14) in base 10?
-2281
What is -63a (base 14) in base 3?
-1200111
7953 (base 15) to base 5
1310403
64 (base 8) to base 12
44
Convert 400152 (base 6) to base 8.
74704
What is -1372 (base 10) in base 4?
-111130
What is 1b4a8 (base 12) in base 14?
10a52
What is 1214221 (base 5) in base 9?
34563
What is 34646 (base 7) in base 14?
335d
Convert 1012000 (base 4) to base 7.
16030
-1001001010101001 (base 2) to base 15
-b1d0
Convert 1656 (base 7) to base 13.
402
What is 6086 (base 12) in base 6?
120250
What is -51b (base 12) in base 9?
-1015
What is d57 (base 14) in base 13?
126c
-3403 (base 7) to base 3
-1200111
Convert 41110 (base 12) to base 16.
14b5c
202110 (base 3) to base 6
2320
671 (base 9) to base 6
2314
Convert c0a9 (base 13) to base 12.
13407
Convert 150360 (base 8) to base 10.
53488
Convert 894 (base 12) to base 2.
10011110000
84551 (base